{"id":1652,"date":"2018-02-13T13:52:46","date_gmt":"2018-02-13T17:52:46","guid":{"rendered":"https:\/\/petroleosdeamerica.com\/directorio_petrolero\/?page_id=1652"},"modified":"2018-02-13T14:06:46","modified_gmt":"2018-02-13T18:06:46","slug":"reportar-transferencia","status":"publish","type":"page","link":"https:\/\/petroleosdeamerica.com\/directorio_petrolero\/reportar-transferencia\/","title":{"rendered":"Reportar Transferencia"},"content":{"rendered":"<h4>Aqu\u00ed podr\u00e1 notificar los pagos realizados por medio de Transferencia Electr\u00f3nica.<\/h4>\n<p>[contact-form-7 id=&#8221;1651&#8243; title=&#8221;Modulo de Notificaci\u00f3n de Transferencia&#8221;]<\/p>\n<!-- AddThis Advanced Settings generic via filter on the_content --><!-- AddThis Share Buttons generic via filter on the_content -->","protected":false},"excerpt":{"rendered":"<p>Aqu\u00ed podr\u00e1 notificar los pagos realizados por medio de Transferencia Electr\u00f3nica. [contact-form-7 id=&#8221;1651&#8243; title=&#8221;Modulo de Notificaci\u00f3n de Transferencia&#8221;]<!-- AddThis Advanced Settings generic via filter on get_the_excerpt --><!-- AddThis Share Buttons generic via filter on get_the_excerpt --><\/p>\n","protected":false},"author":4,"featured_media":0,"parent":0,"menu_order":0,"comment_status":"closed","ping_status":"closed","template":"","meta":[],"_links":{"self":[{"href":"https:\/\/petroleosdeamerica.com\/directorio_petrolero\/wp-json\/wp\/v2\/pages\/1652"}],"collection":[{"href":"https:\/\/petroleosdeamerica.com\/directorio_petrolero\/wp-json\/wp\/v2\/pages"}],"about":[{"href":"https:\/\/petroleosdeamerica.com\/directorio_petrolero\/wp-json\/wp\/v2\/types\/page"}],"author":[{"embeddable":true,"href":"https:\/\/petroleosdeamerica.com\/directorio_petrolero\/wp-json\/wp\/v2\/users\/4"}],"replies":[{"embeddable":true,"href":"https:\/\/petroleosdeamerica.com\/directorio_petrolero\/wp-json\/wp\/v2\/comments?post=1652"}],"version-history":[{"count":0,"href":"https:\/\/petroleosdeamerica.com\/directorio_petrolero\/wp-json\/wp\/v2\/pages\/1652\/revisions"}],"wp:attachment":[{"href":"https:\/\/petroleosdeamerica.com\/directorio_petrolero\/wp-json\/wp\/v2\/media?parent=1652"}],"curies":[{"name":"wp","href":"https:\/\/api.w.org\/{rel}","templated":true}]}}